 factors of 36397.
17, 2141
What are the prime factors of 42863?
42863
List the prime factors of 1016.
2, 127
List the prime factors of 56514.
2, 3, 9419
List the prime factors of 472.
2, 59
What are the prime factors of 10707?
3, 43, 83
What are the prime factors of 1550?
2, 5, 31
List the prime factors of 1658.
2, 829
List the prime factors of 425.
5, 17
What are the prime factors of 46?
2, 23
What are the prime factors of 48332?
2, 43, 281
List the prime factors of 4173.
3, 13, 107
List the prime factors of 5222.
2, 7, 373
What are the prime factors of 19381?
19381
What are the prime factors of 645?
3, 5, 43
List the prime factors of 62400.
2, 3, 5, 13
List the prime factors of 144007.
17, 43, 197
What are the prime factors of 3021?
3, 19, 53
What are the prime factors of 8184?
2, 3, 11, 31
List the prime factors of 551.
19, 29
List the prime factors of 4489.
67
What are the prime factors of 19142?
2, 17, 563
What are the prime factors of 113574?
2, 3, 23, 823
List the prime factors of 4194.
2, 3, 233
List the prime factors of 68006.
2, 37, 919
List the prime factors of 23998.
2, 13, 71
List the prime factors of 35340.
2, 3, 5, 19, 31
What are the prime factors of 3427?
23, 149
What are the prime factors of 3796?
2, 13, 73
List the prime factors of 1120.
2, 5, 7
List the prime factors of 640.
2, 5
What are the prime factors of 19250?
2, 5, 7, 11
List the prime factors of 17426.
2, 8713
List the prime factors of 5580.
2, 3, 5, 31
List the prime factors of 18027.
3, 2003
What are the prime factors of 65057?
67, 971
What are the prime factors of 38480?
2, 5, 13, 37
List the prime factors of 11993.
67, 179
What are the prime factors of 997?
997
What are the prime factors of 100381?
37, 2713
List the prime factors of 635.
5, 127
List the prime factors of 68093.
149, 457
What are the prime factors of 1629?
3, 181
What are the prime factors of 25186?
2, 7, 257
What are the prime factors of 1635?
3, 5, 109
What are the prime factors of 35089?
35089
What are the prime factors of 442?
2, 13, 17
What are the prime factors of 36795?
3, 5, 11, 223
List the prime factors of 15865.
5, 19, 167
List the prime factors of 67899.
3, 13, 1741
What are the prime factors of 24759?
3, 7, 131
List the prime factors of 754.
2, 13, 29
List the prime factors of 75482.
2, 11, 47, 73
What are the prime factors of 12960?
2, 3, 5
What are the prime factors of 1778?
2, 7, 127
List the prime factors of 697.
17, 41
What are the prime factors of 2593?
2593
What are the prime factors of 20453?
113, 181
What are the prime factors of 1826?
2, 11, 83
What are the prime factors of 11531?
13, 887
List the prime factors of 12984.
2, 3, 541
What are the prime factors of 7162?
2, 3581
List the prime factors of 1978.
2, 23, 43
List the prime factors of 690.
2, 3, 5, 23
List the prime factors of 30619.
67, 457
What are the prime factors of 2619?
3, 97
What are the prime factors of 8418?
2, 3, 23, 61
List the prime factors of 59362.
2, 67, 443
List the prime factors of 9586.
2, 4793
List the prime factors of 1903.
11, 173
What are the prime factors of 13913?
13913
What are the prime factors of 20040?
2, 3, 5, 167
What are the prime factors of 114?
2, 3, 19
List the prime factors of 25298.
2, 7, 13, 139
List the prime factors of 1697.
1697
List the prime factors of 919.
919
What are the prime factors of 750?
2, 3, 5
What are the prime factors of 59301?
3, 11, 599
What are the prime factors of 13256?
2, 1657
List the prime factors of 35400.
2, 3, 5, 59
List the prime factors of 1697.
1697
List the prime factors of 861.
3, 7, 41
List the prime factors of 2217.
3, 739
What are the prime factors of 10295?
5, 29, 71
List the prime factors of 57903.
3, 19301
List the prime factors of 4624.
2, 17
List the prime factors of 103.
103
What are the prime factors of 9616?
2, 601
What are the prime factors of 2099?
2099
List the prime factors of 22459.
37, 607
What are the prime factors of 3209?
3209
What are the prime factors of 304?
2, 19
What are the prime factors of 4385?
5, 877
What are the prime factors of 872?
2, 109
List the prime factors of 33209.
11, 3019
What are the prime factors of 1924?
2, 13, 37
What are the prime factors of 73425?
3, 5, 11, 89
List the prime factors of 4201.
4201
List the prime factors of 19600.
2, 5, 7
List the prime factors of 120.
2, 3, 5
What are the prime factors of 32567?
29, 1123
List the prime factors of 2693.
2693
List the prime factors of 3914.
2, 19, 103
List the prime factors of 27690.
2, 3, 5, 13, 71
What are the prime factors of 640?
2, 5
List the prime factors of 28613.
13, 31, 71
List the prime factors of 1180.
2, 5, 59
What are the prime factors of 1812?
2, 3, 151
List the prime factors of 5204.
2, 1301
List the prime factors of 10339.
7, 211
What are the prime factors of 20534?
2, 10267
What are the prime factors of 115966?
2, 23, 2521
List the prime factors of 2351.
2351
What are the prime factors of 112710?
2, 3, 5, 13, 17
List the prime factors of 1641.
3, 547
List the prime factors of 848.
2, 53
List the prime factors of 2276.
2, 569
What are the prime factors of 12685?
5, 43, 59
What are the prime factors of 60?
2, 3, 5
List the prime factors of 63406.
2, 7, 647
List the prime factors of 14248.
2, 13, 137
What are the prime factors of 8862?
2, 3, 7, 211
What are the prime factors of 60?
2, 3, 5
List the prime factors of 215.
5, 43
List the prime factors of 1690.
2, 5, 13
What are the prime factors of 26688?
2, 3, 139
What are the prime factors of 5768?
2, 7, 103
What are the prime factors of 2416?
2, 151
What are the prime factors of 129?
3, 43
List the prime factors of 42102.
2, 3, 2339
What are the prime factors of 1019?
1019
What are the prime factors of 6270?
2, 3, 5, 11, 19
List the prime factors of 679.
7, 97
What are the prime factors of 1919?
19, 101
List the prime factors of 46.
2, 23
List the prime factors of 61874.
2, 30937
What are the prime factors of 7144?
2, 19, 47
What are the prime factors of 4726?
2, 17, 139
List the prime factors of 358.
2, 179
What are the prime factors of 32073?
3, 10691
List the prime factors of 477.
3, 53
What are the prime factors of 3937?
31, 127
List the prime factors of 105460.
2, 5, 5273
What are the prime factors of 98196?
2, 3, 7, 167
List the prime factors of 30852.
2, 3, 857
What are the prime factors of 10455?
3, 5, 17, 41
What are the prime factors of 15742?
2, 17, 463
List the prime factors of 557.
557
List the prime factors of 105.
3, 5, 7
What are the prime factors of 29336?
2, 19, 193
List the prime factors of 11236.
2, 53
List the prime factors of 104.
2, 13
List the prime factors of 1407.
3, 7, 67
List the prime factors of 4790.
2, 5, 479
List the prime factors of 2845.
5, 569
What are the prime factors of 6226?
2, 11, 283
What are the prime factors of 703?
19, 37
What are the prime factors of 145871?
11, 89, 149
List the prime factors of 3010.
2, 5, 7, 43
List the prime factors of 740.
2, 5, 37
What are the prime factors of 119521?
47, 2543
What are the prime factors of 60726?
2, 3, 29, 349
List the prime factors of 130132.
2, 32533
What are the prime factors of 15503?
37, 419
What are the prime factors of 2128?
2, 7, 19
What are the prime factors of 20303?
79, 257
What are the prime factors of 21442?
2, 71, 151
List the prime factors of 4685.
5, 937
What are the prime factors of 221?
13, 17
What are the prime factors of 4217?
4217
List the prime factors of 1333.
31, 43
List the prime factors of 71301.
3, 23767
List the prime factors of 195746.
2, 97, 1009
What are the prime factors of 749?
7, 107
What are the prime factors of 15300?
2, 3, 5, 17
List the prime factors of 10531.
10531
What are the prime factors of 43309?
7, 23, 269
List the prime factors of 12581.
23, 547
List the prime factors of 1546.
2, 773
List the prime factors of 737.
11, 67
List the prime factors of 24.
2, 3
List the prime factors of 2888.
2, 19
List the prime factors of 114914.
2, 57457
What are the prime factors of 1764?
2, 3, 7
What are the prime factors of 496?
2, 31
List the prime factors of 89509.
7, 19, 673
List the prime factors of 1734.
2, 3, 17
What are the prime factors of 656?
2, 41
List the prime factors of 40558.
2, 7, 2897
What are the prime factors of 8110?
2, 5, 811
What are the prime factors of 